) = 131*m**3 + 2*m**2 - 8*m + 16. Let y be d(2). What is the greatest common divisor of y and 8?
8
Suppose 3*x = 249 + 1500. Calculate the greatest common factor of x and 11.
11
Let n be (2 - -16)/(6/(-3) - -1). Let s = n + 19. What is the greatest common divisor of 3 and s?
1
Suppose 0 = -0*k + 4*k + 16. Let a = 7 - k. What is the highest common divisor of 33 and a?
11
Suppose 5*f - 104 = -3*m + 20, 4*f - 104 = -4*m. Let j = 31 + f. Calculate the highest common factor of j and 27.
27
Let m(n) be the first derivative of 7*n**2/2 + 5*n + 3. Let p be m(5). Let k = p + -22. Calculate the highest common divisor of k and 2.
2
Suppose h = 5*i + 23, -h = 2*h - i - 55. Let n = -242 + 372. Suppose -3*f = -5*u - n, -3*u + 183 = f + 3*f. What is the greatest common divisor of f and h?
9
Let w = -41 - -97. What is the highest common divisor of 7 and w?
7
Suppose 700 + 468 = 3*v - 2*z, -1952 = -5*v + 2*z. Calculate the greatest common divisor of v and 8.
8
Let d(v) = 3*v + 23. Let b be d(7). Let x = 8 + 80. What is the highest common factor of x and b?
44
Suppose 13*d = 2835 - 131. What is the highest common factor of 48 and d?
16
Suppose -4*r - 5*j = -1105, -r - 5*j = -6*r + 1370. Let i = 889 + -878. Suppose -6*z + i*z = r. Calculate the highest common divisor of z and 5.
5
Let l = -77 - -76. Let i be 237/12 - l - 4/(-16). Calculate the highest common divisor of i and 28.
7
Let y be 12/(-3) + 1 + (-26)/(-2). Suppose 0 = 12*d - y*d - 18. Suppose -x = x - 6. What is the highest common factor of d and x?
3
Suppose 5*a + 1315 = 2*n, -2*a - 1 = 5. What is the greatest common factor of 65 and n?
65
Suppose -64*q - 42 = -67*q. Calculate the greatest common divisor of 112 and q.
14
Let w = 1615 - 1543. Calculate the highest common factor of 480 and w.
24
Suppose -4*u = -2*u - 8. Suppose 2*z = 5*g, -g - 17 = -u*z + 1. Let f = 3 - g. Calculate the highest common factor of f and 8.
1
Let x(p) = 121*p - 492. Let s be x(6). What is the highest common divisor of s and 390?
78
Let y(p) = p**2 + p + 12. Let c be y(0). Let j = 972 + -942. Calculate the greatest common divisor of c and j.
6
Let p = 1 - -11. Let t = p - 9. Let l be (27/(-12))/(t/(-16)). Calculate the greatest common divisor of l and 12.
12
Suppose -20*h - 1964 = -4*q - 16*h, 2*q = -4*h + 994. What is the greatest common factor of 29 and q?
29
Let r(t) = -t**3 + 12*t**2 + 7*t - 48. Let w be r(12). Calculate the greatest common factor of w and 342.
18
Let t = 374 - 342. What is the highest common divisor of t and 64?
32
Let d be 195 - (-10)/(-1) - (-10)/(-2). What is the greatest common divisor of d and 45?
45
Let t be (14/(-8) + 1)/((-621)/18216). Calculate the highest common factor of t and 22.
22
Let r be (-10)/(-30) - (-1)/(-3). Suppose r*o = 2*o - 20. Suppose 2*l - b + 6*b = 240, b - 334 = -3*l. What is the greatest common factor of l and o?
10
Let c be ((-252)/(-5))/(3/10). What is the greatest common factor of 24 and c?
24
Let i(z) = -3*z - 3. Let o be i(-6). Let x(d) = -3*d**2 - 1 - 33*d + 1 + d**2. Let l be x(-15). What is the highest common factor of l and o?
15
Suppose -2830 = -2*z - 5*q, 2*z - 4*q - 1303 - 1509 = 0. What is the greatest common divisor of z and 10?
10
Let a(w) = w**3 + 5*w**2 - 13*w - 27. Let c(l) = -4*l**2 + 8*l + 6. Let m be c(3). Let h be a(m). Calculate the greatest common factor of 30 and h.
15
Let c = 112 - 148. Let g be (-516)/10 + (-4)/10. Let s = c - g. Calculate the highest common divisor of 16 and s.
16
Let y(n) = n**3 + n**2 + 189. Suppose 4*d = 3*d. Let u be y(d). Calculate the greatest common factor of 21 and u.
21
Let u(v) = -v**3 - v**2 + 2*v - 3. Let b be u(-3). Let i be (b/4)/(6/16). Let w(h) = 4*h + 34. Let s be w(8). What is the highest common factor of i and s?
6
Suppose -3*h + 149 = -4*a, 37*h + 5*a = 42*h - 250. Calculate the greatest common divisor of h and 289.
17
Let w be (-593)/(-4) + 30/(-120). What is the highest common divisor of w and 4?
4
Let y(v) = 84*v**2 - 38*v - 126. Let u be y(-3). Calculate the greatest common divisor of 93 and u.
93
Let c = 1913 - 863. Calculate the highest common factor of c and 42.
42
Suppose -5*y = -544 + 214. Suppose n + 5*n = y. What is the highest common factor of n and 88?
11
Let m be (17/3 - 7)*-96. What is the greatest common factor of m and 192?
64
Suppose -n = 4*b - 2475, 0*b + 1857 = 3*b + n. Let u be b/8 + 8/(-32). Calculate the greatest common factor of u and 11.
11
Suppose -u - 4*p = -160, 385 = 2*u - 0*p - 5*p. Calculate the highest common divisor of u and 108.
36
Let x = 28 + -24. Let p(u) = -2 - x - 4*u + 2*u. Let j be p(-5). Calculate the greatest common factor of 4 and j.
4
Let c(l) = l**3 + 7*l**2 - 9*l + 3. Let a be c(-8). Suppose 2*k = 15*k - 273. Let w = k - a. What is the greatest common divisor of w and 90?
10
Suppose t - 2*t = -21. Let w(h) = 11*h + 900. Let a be w(-57). Calculate the highest common factor of a and t.
21
Suppose -58 = -3*m - 4*g, -3*m + g + 66 = 2*m. Let j be (m + -1)*(-27)/(-9). Suppose 6*i + 3 = j. Calculate the greatest common factor of 2 and i.
2
Let u = -2 - -7. Let s(l) = l**2 - 4*l + 4. Let z be s(4). Suppose -87 = -5*r + z*j, 5*r - 69 = -0*j - 2*j. What is the greatest common divisor of u and r?
5
Let s = 1351 - 1346. Let q(i) = i**3 + 6*i**2 + i - 4. Let a be q(-3). What is the highest common divisor of s and a?
5
Let y(f) = 174*f - 481. Let n be y(18). Calculate the greatest common divisor of 11 and n.
11
Let o = 37 - 24. Let u = 152 - 139. Calculate the greatest common divisor of u and o.
13
Let m be 34/(-68) - (130/(-4) + 2). Calculate the greatest common divisor of m and 330.
30
Let g = -23 + 56. Suppose -544 = -2*t + 4*l, 543 = 2*t - 4*l - l. Suppose -9*o + t = 76. Calculate the greatest common divisor of g and o.
11
Let u(w) = 2*w - 16. Let n be u(9). Let y be n/(-2 + 6)*-2. Let s be (-9)/6*(-1 + y). What is the highest common factor of s and 21?
3
Let h be 3*23/(-3)*-1. Let c = -402 + 863. Let p = c - 300. What is the greatest common factor of h and p?
23
Suppose 4*f - 6*j = -5*j + 556, 2*f = 4*j + 264. Calculate the greatest common factor of f and 7.
7
Suppose 191 = 4*u + 135. Let l(h) = -h**2 + 14*h + 7. Let d be l(u). Calculate the highest common divisor of d and 7.
7
Let t(z) = -8*z + 2. Let i be t(-12). Suppose -10*c = -8*c - i. Suppose -d - 7 = -2*d. Calculate the highest common factor of d and c.
7
Let t be (-2 - (485 - 2)) + -4. Let w = t - -957. Calculate the greatest common factor of 52 and w.
52
Let n(c) = 2395*c**2 + c - 1. Let m be n(1). Suppose 6*v = 647 + m. Let f be v/52 + (-2)/(-8). What is the greatest common divisor of 50 and f?
10
Let l(r) = 2*r**2 - 8*r + 4. Let j be l(6). Suppose -4*m + 112 = 4*d, 0 = -0*m + m + 3*d - j. Calculate the highest common factor of m and 4.
4
Let w = 4091 - 4090. Let n = 0 - -5. Suppose -27 - 13 = -n*l. What is the greatest common factor of l and w?
1
Let u(f) = 371*f**3 + 10*f**2 - 14*f + 2. Let t be u(1). What is the greatest common factor of 205 and t?
41
Let h be 111*1/3 - 0. What is the highest common divisor of 74 and h?
37
Suppose -1199 - 1051 = -10*t. What is the highest common divisor of 9 and t?
9
Suppose -2*s - g - 23 = 0, 6 + 15 = -2*s - 3*g. Let v be ((-200)/s - 0)*(-18)/(-12). What is the greatest common divisor of v and 15?
5
Suppose b + x = 5 - 3, 5*b + 4*x - 13 = 0. Let o(p) = p**3 + 6*p**2 + 2*p - 4. Let f = -1 - 3. Let t be o(f). Calculate the greatest common divisor of t and b.
5
Suppose -9*o + 960 = a - 13*o, -5*a = -2*o - 4854. Calculate the greatest common divisor of a and 24.
12
Suppose 4*x - 95 = 125. Let z(j) = 6*j + 4. Suppose -3*p + 5*p + 18 = 4*f, -3*f + p + 12 = 0. Let s be z(f). Calculate the highest common divisor of s and x.
11
Let v(p) be the third derivative of 1/60*p**5 + 3/2*p**3 - p**2 + 0*p + 0 - 11/24*p**4. Let u be v(11). What is the greatest common divisor of 45 and u?
9
Suppose 3*j - 182 = -152. What is the highest common divisor of j and 30?
10
Suppose 6*d = 81 + 225. What is the greatest common factor of 187 and d?
17
Let q(h) = h**3 + 9*h**2 + 3*h - 9. Let p be q(-3). What is the highest common divisor of 48 and p?
12
Suppose -2*f + 2 + 2 = 0, 0 = 2*h - f - 398. What is the highest common divisor of 150 and h?
50
Suppose -343 - 1042 = -5*g. Suppose -9 = h - 4*h, -h = -